{"id":7,"date":"2025-12-15T13:14:27","date_gmt":"2025-12-15T12:14:27","guid":{"rendered":"https:\/\/www.apollo-hair-center.de\/diagnostic-point\/?page_id=7"},"modified":"2025-12-22T12:38:42","modified_gmt":"2025-12-22T11:38:42","slug":"home","status":"publish","type":"page","link":"https:\/\/www.apollo-hair-center.de\/diagnostic-point\/","title":{"rendered":"Home"},"content":{"rendered":"\t\t<div data-elementor-type=\"wp-post\" data-elementor-id=\"7\" class=\"elementor elementor-7\" data-elementor-post-type=\"page\">\n\t\t\t\t<div class=\"elementor-element elementor-element-2a6e0bc e-con-full e-flex e-con e-parent\" data-id=\"2a6e0bc\" data-element_type=\"container\" data-e-type=\"container\">\n\t\t<div class=\"elementor-element elementor-element-f991474 e-con-full e-flex e-con e-child\" data-id=\"f991474\" data-element_type=\"container\" data-e-type=\"container\">\n\t\t<div class=\"elementor-element elementor-element-aed66ea e-con-full e-flex e-con e-child\" data-id=\"aed66ea\" data-element_type=\"container\" data-e-type=\"container\" data-settings=\"{&quot;background_background&quot;:&quot;classic&quot;}\">\n\t\t\t\t<div class=\"elementor-element elementor-element-516eb8f elementor-widget elementor-widget-heading\" data-id=\"516eb8f\" data-element_type=\"widget\" data-e-type=\"widget\" data-widget_type=\"heading.default\">\n\t\t\t\t\t<p class=\"elementor-heading-title elementor-size-default\">DOUBLE HAIR SYSTEM \u2013 DIAGNOSTIC POINT<\/p>\t\t\t\t<\/div>\n\t\t\t\t<div class=\"elementor-element elementor-element-f76e963 elementor-widget elementor-widget-heading\" data-id=\"f76e963\" data-element_type=\"widget\" data-e-type=\"widget\" data-widget_type=\"heading.default\">\n\t\t\t\t\t<h1 class=\"elementor-heading-title elementor-size-default\">Pro&shy;fes&shy;sio&shy;nelle Haar- und Kopfhaut&shy;diagnostik<\/h1>\t\t\t\t<\/div>\n\t\t\t\t<div class=\"elementor-element elementor-element-909400c elementor-widget elementor-widget-text-editor\" data-id=\"909400c\" data-element_type=\"widget\" data-e-type=\"widget\" data-widget_type=\"text-editor.default\">\n\t\t\t\t\t\t\t\t\t<p>Der <strong>DOUBLE HAIR SYSTEM Diagnostic Point<\/strong> bietet eine <strong>digitale Haar- und Kopfhautdiagnose<\/strong>, die in dieser Form <strong>einzigartig<\/strong> ist.<\/p>\t\t\t\t\t\t\t\t<\/div>\n\t\t\t\t<div class=\"elementor-element elementor-element-cbded5c elementor-widget elementor-widget-button\" data-id=\"cbded5c\" data-element_type=\"widget\" data-e-type=\"widget\" data-widget_type=\"button.default\">\n\t\t\t\t\t\t\t\t\t\t<a class=\"elementor-button elementor-button-link elementor-size-sm\" href=\"#vorteile\">\n\t\t\t\t\t\t<span class=\"elementor-button-content-wrapper\">\n\t\t\t\t\t\t\t\t\t<span class=\"elementor-button-text\">Erfahren Sie mehr<\/span>\n\t\t\t\t\t<\/span>\n\t\t\t\t\t<\/a>\n\t\t\t\t\t\t\t\t<\/div>\n\t\t\t\t<\/div>\n\t\t<div class=\"elementor-element elementor-element-fc3e907 e-con-full e-flex e-con e-child\" data-id=\"fc3e907\" data-element_type=\"container\" data-e-type=\"container\" data-settings=\"{&quot;background_background&quot;:&quot;classic&quot;}\">\n\t\t\t\t<div class=\"elementor-element elementor-element-28aee87 elementor-widget elementor-widget-heading\" data-id=\"28aee87\" data-element_type=\"widget\" data-e-type=\"widget\" data-widget_type=\"heading.default\">\n\t\t\t\t\t<h2 class=\"elementor-heading-title elementor-size-default\">Buchen Sie jetzt Ihren Termin!<\/h2>\t\t\t\t<\/div>\n\t\t\t\t<div class=\"elementor-element elementor-element-9894fa7 elementor-widget elementor-widget-text-editor\" data-id=\"9894fa7\" data-element_type=\"widget\" data-e-type=\"widget\" data-widget_type=\"text-editor.default\">\n\t\t\t\t\t\t\t\t\t<p>Im <strong>DOUBLE HAIR SYSTEM<\/strong> <br \/><strong>Diagnostic Point<\/strong> in <strong>Bremen<\/strong><\/p><p>Klattendiek 1<br \/>28359 Bremen<\/p>\t\t\t\t\t\t\t\t<\/div>\n\t\t\t\t<div class=\"elementor-element elementor-element-b3cd7ef elementor-widget elementor-widget-button\" data-id=\"b3cd7ef\" data-element_type=\"widget\" data-e-type=\"widget\" data-widget_type=\"button.default\">\n\t\t\t\t\t\t\t\t\t\t<a class=\"elementor-button elementor-button-link elementor-size-sm\" href=\"https:\/\/www.apollo-hair-center.de\/diagnostic-point\/haar-und-kopfhautdiagnostik\/\">\n\t\t\t\t\t\t<span class=\"elementor-button-content-wrapper\">\n\t\t\t\t\t\t\t\t\t<span class=\"elementor-button-text\">Jetzt Termin buchen<\/span>\n\t\t\t\t\t<\/span>\n\t\t\t\t\t<\/a>\n\t\t\t\t\t\t\t\t<\/div>\n\t\t\t\t<\/div>\n\t\t\t\t<\/div>\n\t\t\t\t<\/div>\n\t\t<div class=\"elementor-element elementor-element-a17ed03 e-flex e-con-boxed e-con e-parent\" data-id=\"a17ed03\" data-element_type=\"container\" data-e-type=\"container\" data-settings=\"{&quot;background_background&quot;:&quot;classic&quot;}\">\n\t\t\t\t\t<div class=\"e-con-inner\">\n\t\t\t\t<div class=\"elementor-element elementor-element-75fcc21 elementor-widget elementor-widget-heading\" data-id=\"75fcc21\" data-element_type=\"widget\" data-e-type=\"widget\" data-widget_type=\"heading.default\">\n\t\t\t\t\t<h3 class=\"elementor-heading-title elementor-size-default\">Natu\u0308rliche Hilfe bei Haarausfall <\/h3>\t\t\t\t<\/div>\n\t\t\t\t<div class=\"elementor-element elementor-element-a9fb314 elementor-widget elementor-widget-text-editor\" data-id=\"a9fb314\" data-element_type=\"widget\" data-e-type=\"widget\" data-widget_type=\"text-editor.default\">\n\t\t\t\t\t\t\t\t\t<div><div>Fu\u0308r Frauen &amp; M\u00e4nner mit Haarausfall, du\u0308nner werdendem Haar oder empfindlicher Kopfhaut.<\/div><\/div>\t\t\t\t\t\t\t\t<\/div>\n\t\t\t\t\t<\/div>\n\t\t\t\t<\/div>\n\t\t<div class=\"elementor-element elementor-element-3736b066 e-con-full e-flex e-con e-parent\" data-id=\"3736b066\" data-element_type=\"container\" data-e-type=\"container\" id=\"vorteile\" data-settings=\"{&quot;background_background&quot;:&quot;classic&quot;}\">\n\t\t<div class=\"elementor-element elementor-element-40fd0f1 e-grid e-con-boxed e-con e-child\" data-id=\"40fd0f1\" data-element_type=\"container\" data-e-type=\"container\">\n\t\t\t\t\t<div class=\"e-con-inner\">\n\t\t\t\t<div class=\"elementor-element elementor-element-294f7f9b animated-fast elementor-invisible elementor-widget elementor-widget-heading\" data-id=\"294f7f9b\" data-element_type=\"widget\" data-e-type=\"widget\" data-settings=\"{&quot;_animation&quot;:&quot;fadeIn&quot;,&quot;_animation_delay&quot;:500}\" data-widget_type=\"heading.default\">\n\t\t\t\t\t<h1 class=\"elementor-heading-title elementor-size-default\">Vorteile des Double Hair System Diagnostic Point<\/h1>\t\t\t\t<\/div>\n\t\t<div class=\"elementor-element elementor-element-516d4831 e-flex e-con-boxed e-con e-child\" data-id=\"516d4831\" data-element_type=\"container\" data-e-type=\"container\">\n\t\t\t\t\t<div class=\"e-con-inner\">\n\t\t<div class=\"elementor-element elementor-element-3a5a06f5 e-con-full e-flex e-con e-child\" data-id=\"3a5a06f5\" data-element_type=\"container\" data-e-type=\"container\">\n\t\t\t\t<div class=\"elementor-element elementor-element-85e07cf elementor-widget elementor-widget-text-editor\" data-id=\"85e07cf\" data-element_type=\"widget\" data-e-type=\"widget\" data-widget_type=\"text-editor.default\">\n\t\t\t\t\t\t\t\t\t<p>Viele Menschen suchen im Internet nach L\u00f6sungen fu\u0308r Haarausfall oder Kopfhautprobleme. Sie lesen<br \/>Beitr\u00e4ge, schauen Videos, probieren Tipps \u2013 und trotzdem bleiben oft Fragen offen. Genau hier setzt der Double Hair System Diagnostic Point an: Wir bringen Ordnung in die Informationsflut.<\/p><p>Genauso wie beim Zahnarzt und Zahntechniker, beim Ohrenarzt und H\u00f6rger\u00e4teakustiker oder beim<br \/>Augenarzt und Optiker braucht es auch im Haarbereich Spezialisten, die zusammenarbeiten.<\/p>\t\t\t\t\t\t\t\t<\/div>\n\t\t\t\t<\/div>\n\t\t<div class=\"elementor-element elementor-element-17531155 e-con-full e-flex e-con e-child\" data-id=\"17531155\" data-element_type=\"container\" data-e-type=\"container\">\n\t\t\t\t<div class=\"elementor-element elementor-element-7af7102a animated-fast elementor-invisible elementor-widget elementor-widget-icon-box\" data-id=\"7af7102a\" data-element_type=\"widget\" data-e-type=\"widget\" data-settings=\"{&quot;_animation&quot;:&quot;fadeIn&quot;,&quot;_animation_delay&quot;:600}\" data-widget_type=\"icon-box.default\">\n\t\t\t\t\t\t\t<div class=\"elementor-icon-box-wrapper\">\n\n\t\t\t\n\t\t\t\t\t\t<div class=\"elementor-icon-box-content\">\n\n\t\t\t\t\t\t\t\t\t<h6 class=\"elementor-icon-box-title\">\n\t\t\t\t\t\t<span  >\n\t\t\t\t\t\t\tFriseur \u2013 der erste Ansprechpartner\t\t\t\t\t\t<\/span>\n\t\t\t\t\t<\/h6>\n\t\t\t\t\n\t\t\t\t\t\t\t\t\t<p class=\"elementor-icon-box-description\">\n\t\t\t\t\t\tDer Friseur sieht Ihr Haar regelm\u00e4\u00dfig, erkennt Ver\u00e4nderungen, Strukturprobleme oder du\u0308nner\nwerdende Bereiche fru\u0308hzeitig. Er ist der \u201eAlltags-Experte\u201c.\t\t\t\t\t<\/p>\n\t\t\t\t\n\t\t\t<\/div>\n\t\t\t\n\t\t<\/div>\n\t\t\t\t\t\t<\/div>\n\t\t\t\t<div class=\"elementor-element elementor-element-38db895b animated-fast elementor-invisible elementor-widget elementor-widget-icon-box\" data-id=\"38db895b\" data-element_type=\"widget\" data-e-type=\"widget\" data-settings=\"{&quot;_animation&quot;:&quot;fadeIn&quot;,&quot;_animation_delay&quot;:700}\" data-widget_type=\"icon-box.default\">\n\t\t\t\t\t\t\t<div class=\"elementor-icon-box-wrapper\">\n\n\t\t\t\n\t\t\t\t\t\t<div class=\"elementor-icon-box-content\">\n\n\t\t\t\t\t\t\t\t\t<h6 class=\"elementor-icon-box-title\">\n\t\t\t\t\t\t<span  >\n\t\t\t\t\t\t\tZweithaarspezialist \u2013 L\u00f6sungen ohne OP\t\t\t\t\t\t<\/span>\n\t\t\t\t\t<\/h6>\n\t\t\t\t\n\t\t\t\t\t\t\t\t\t<p class=\"elementor-icon-box-description\">\n\t\t\t\t\t\tWenn Haarausfall st\u00e4rker wird oder Lu\u0308cken sichtbar werden, kann ein Zweithaarspezialist moderne,\nnatu\u0308rliche L\u00f6sungen anbieten \u2013 Haarverdichtungen, Haarteile, Peru\u0308cken, alles individuell angepasst.\t\t\t\t\t<\/p>\n\t\t\t\t\n\t\t\t<\/div>\n\t\t\t\n\t\t<\/div>\n\t\t\t\t\t\t<\/div>\n\t\t\t\t<div class=\"elementor-element elementor-element-411523eb animated-fast elementor-invisible elementor-widget elementor-widget-icon-box\" data-id=\"411523eb\" data-element_type=\"widget\" data-e-type=\"widget\" data-settings=\"{&quot;_animation&quot;:&quot;fadeIn&quot;,&quot;_animation_delay&quot;:800}\" data-widget_type=\"icon-box.default\">\n\t\t\t\t\t\t\t<div class=\"elementor-icon-box-wrapper\">\n\n\t\t\t\n\t\t\t\t\t\t<div class=\"elementor-icon-box-content\">\n\n\t\t\t\t\t\t\t\t\t<h6 class=\"elementor-icon-box-title\">\n\t\t\t\t\t\t<span  >\n\t\t\t\t\t\t\tHaartransplanteur \u2013 medizinische M\u00f6glichkeiten\t\t\t\t\t\t<\/span>\n\t\t\t\t\t<\/h6>\n\t\t\t\t\n\t\t\t\t\t\t\t\t\t<p class=\"elementor-icon-box-description\">\n\t\t\t\t\t\tWenn jemand langfristige, medizinische L\u00f6sungen wu\u0308nscht, ist ein professioneller Haartransplanteur\nder richtige Ansprechpartner. Aber: Erst wenn eine saubere Diagnose vorliegt.\t\t\t\t\t<\/p>\n\t\t\t\t\n\t\t\t<\/div>\n\t\t\t\n\t\t<\/div>\n\t\t\t\t\t\t<\/div>\n\t\t\t\t<div class=\"elementor-element elementor-element-3f5783b elementor-widget elementor-widget-button\" data-id=\"3f5783b\" data-element_type=\"widget\" data-e-type=\"widget\" data-widget_type=\"button.default\">\n\t\t\t\t\t\t\t\t\t\t<a class=\"elementor-button elementor-button-link elementor-size-sm\" href=\"https:\/\/www.apollo-hair-center.de\/diagnostic-point\/haar-und-kopfhautdiagnostik\/\">\n\t\t\t\t\t\t<span class=\"elementor-button-content-wrapper\">\n\t\t\t\t\t\t\t\t\t<span class=\"elementor-button-text\">Jetzt Termin buchen<\/span>\n\t\t\t\t\t<\/span>\n\t\t\t\t\t<\/a>\n\t\t\t\t\t\t\t\t<\/div>\n\t\t\t\t<\/div>\n\t\t\t\t\t<\/div>\n\t\t\t\t<\/div>\n\t\t\t\t\t<\/div>\n\t\t\t\t<\/div>\n\t\t\t\t<\/div>\n\t\t<div class=\"elementor-element elementor-element-373a6bbf e-flex e-con-boxed e-con e-parent\" data-id=\"373a6bbf\" data-element_type=\"container\" data-e-type=\"container\" data-settings=\"{&quot;background_background&quot;:&quot;classic&quot;}\">\n\t\t\t\t\t<div class=\"e-con-inner\">\n\t\t<div class=\"elementor-element elementor-element-1ac2fe60 animated-fast e-flex e-con-boxed elementor-invisible e-con e-child\" data-id=\"1ac2fe60\" data-element_type=\"container\" data-e-type=\"container\" data-settings=\"{&quot;animation&quot;:&quot;fadeIn&quot;,&quot;animation_delay&quot;:500}\">\n\t\t\t\t\t<div class=\"e-con-inner\">\n\t\t\t\t<div class=\"elementor-element elementor-element-629e7d46 elementor-widget__width-initial elementor-widget elementor-widget-heading\" data-id=\"629e7d46\" data-element_type=\"widget\" data-e-type=\"widget\" data-widget_type=\"heading.default\">\n\t\t\t\t\t<h1 class=\"elementor-heading-title elementor-size-default\">Der Double Hair System Diagnostic Point verbindet alle Fachrichtungen<\/h1>\t\t\t\t<\/div>\n\t\t\t\t\t<\/div>\n\t\t\t\t<\/div>\n\t\t<div class=\"elementor-element elementor-element-55efe50 e-grid e-con-boxed e-con e-child\" data-id=\"55efe50\" data-element_type=\"container\" data-e-type=\"container\">\n\t\t\t\t\t<div class=\"e-con-inner\">\n\t\t<div class=\"elementor-element elementor-element-355229a e-con-full animated-fast e-flex elementor-invisible e-con e-child\" data-id=\"355229a\" data-element_type=\"container\" data-e-type=\"container\" data-settings=\"{&quot;animation&quot;:&quot;fadeIn&quot;,&quot;animation_delay&quot;:750}\">\n\t\t\t\t<div class=\"elementor-element elementor-element-4f7157f elementor-widget elementor-widget-icon-box\" data-id=\"4f7157f\" data-element_type=\"widget\" data-e-type=\"widget\" data-widget_type=\"icon-box.default\">\n\t\t\t\t\t\t\t<div class=\"elementor-icon-box-wrapper\">\n\n\t\t\t\n\t\t\t\t\t\t<div class=\"elementor-icon-box-content\">\n\n\t\t\t\t\t\t\t\t\t<h6 class=\"elementor-icon-box-title\">\n\t\t\t\t\t\t<span  >\n\t\t\t\t\t\t\tUnser Double-Hair-System verbindet erstmals:\t\t\t\t\t\t<\/span>\n\t\t\t\t\t<\/h6>\n\t\t\t\t\n\t\t\t\t\t\t\t\t\t<p class=\"elementor-icon-box-description\">\n\t\t\t\t\t\t<ul style=\"color:#FFF;font-size:18px;line-height:1.4em\">\n<li>Friseurwissen<\/li>\n<li>Zweithaar-Kompetenz<\/li>\n<li>medizinische Haaranalyse<\/li>\n<li>moderne KI-Technologie<\/li>\n<\/ul>\n<br \/>\n<span style=\"color:#FFF;font-size:18px;line-height:1.4em\">So erh\u00e4lt jeder Besucher eine klare, ehrliche und unabh\u00e4ngige Empfehlung, ohne R\u00e4tselraten und\nohne teure Fehlk\u00e4ufe.<\/span>\t\t\t\t\t<\/p>\n\t\t\t\t\n\t\t\t<\/div>\n\t\t\t\n\t\t<\/div>\n\t\t\t\t\t\t<\/div>\n\t\t\t\t<\/div>\n\t\t<div class=\"elementor-element elementor-element-5574170 e-con-full animated-fast e-flex elementor-invisible e-con e-child\" data-id=\"5574170\" data-element_type=\"container\" data-e-type=\"container\" data-settings=\"{&quot;animation&quot;:&quot;fadeIn&quot;,&quot;animation_delay&quot;:1000}\">\n\t\t\t\t<div class=\"elementor-element elementor-element-6be1e705 elementor-widget elementor-widget-icon-box\" data-id=\"6be1e705\" data-element_type=\"widget\" data-e-type=\"widget\" data-widget_type=\"icon-box.default\">\n\t\t\t\t\t\t\t<div class=\"elementor-icon-box-wrapper\">\n\n\t\t\t\n\t\t\t\t\t\t<div class=\"elementor-icon-box-content\">\n\n\t\t\t\t\t\t\t\t\t<h6 class=\"elementor-icon-box-title\">\n\t\t\t\t\t\t<span  >\n\t\t\t\t\t\t\tUnser Ziel\t\t\t\t\t\t<\/span>\n\t\t\t\t\t<\/h6>\n\t\t\t\t\n\t\t\t\t\t\t\t\t\t<p class=\"elementor-icon-box-description\">\n\t\t\t\t\t\tJeder Mensch soll verstehen:\nWelches Haarproblem liegt wirklich vor \u2013 und welcher Spezialist kann am besten helfen?\nDamit sparen Sie Zeit, Geld und unn\u00f6tige Experimente. Wir bieten Orientierung, Sicherheit und eine\nverst\u00e4ndliche Erkl\u00e4rung \u2013 speziell fu\u0308r Menschen, die bereits viel gelesen haben, aber endlich echte\nKlarheit wollen.\t\t\t\t\t<\/p>\n\t\t\t\t\n\t\t\t<\/div>\n\t\t\t\n\t\t<\/div>\n\t\t\t\t\t\t<\/div>\n\t\t\t\t<div class=\"elementor-element elementor-element-7fc75d7 elementor-widget elementor-widget-button\" data-id=\"7fc75d7\" data-element_type=\"widget\" data-e-type=\"widget\" data-widget_type=\"button.default\">\n\t\t\t\t\t\t\t\t\t\t<a class=\"elementor-button elementor-button-link elementor-size-sm\" href=\"https:\/\/www.apollo-hair-center.de\/diagnostic-point\/haar-und-kopfhautdiagnostik\/\">\n\t\t\t\t\t\t<span class=\"elementor-button-content-wrapper\">\n\t\t\t\t\t\t\t\t\t<span class=\"elementor-button-text\">Jetzt Termin buchen<\/span>\n\t\t\t\t\t<\/span>\n\t\t\t\t\t<\/a>\n\t\t\t\t\t\t\t\t<\/div>\n\t\t\t\t<\/div>\n\t\t\t\t\t<\/div>\n\t\t\t\t<\/div>\n\t\t\t\t\t<\/div>\n\t\t\t\t<\/div>\n\t\t\t\t<\/div>\n\t\t","protected":false},"excerpt":{"rendered":"<p>DOUBLE HAIR SYSTEM \u2013 DIAGNOSTIC POINT Pro&shy;fes&shy;sio&shy;nelle Haar- und Kopfhaut&shy;diagnostik Der DOUBLE HAIR SYSTEM Diagnostic Point bietet eine digitale Haar- und Kopfhautdiagnose, die in dieser Form einzigartig ist. Erfahren Sie mehr Buchen Sie jetzt Ihren Termin! Im DOUBLE HAIR SYSTEM Diagnostic Point in Bremen Klattendiek 128359 Bremen Jetzt Termin buchen Natu\u0308rliche Hilfe bei Haarausfall Fu\u0308r [&hellip;]<\/p>\n","protected":false},"author":1,"featured_media":0,"parent":0,"menu_order":0,"comment_status":"closed","ping_status":"closed","template":"","meta":{"footnotes":""},"class_list":["post-7","page","type-page","status-publish","hentry"],"_links":{"self":[{"href":"https:\/\/www.apollo-hair-center.de\/diagnostic-point\/wp-json\/wp\/v2\/pages\/7","targetHints":{"allow":["GET"]}}],"collection":[{"href":"https:\/\/www.apollo-hair-center.de\/diagnostic-point\/wp-json\/wp\/v2\/pages"}],"about":[{"href":"https:\/\/www.apollo-hair-center.de\/diagnostic-point\/wp-json\/wp\/v2\/types\/page"}],"author":[{"embeddable":true,"href":"https:\/\/www.apollo-hair-center.de\/diagnostic-point\/wp-json\/wp\/v2\/users\/1"}],"replies":[{"embeddable":true,"href":"https:\/\/www.apollo-hair-center.de\/diagnostic-point\/wp-json\/wp\/v2\/comments?post=7"}],"version-history":[{"count":83,"href":"https:\/\/www.apollo-hair-center.de\/diagnostic-point\/wp-json\/wp\/v2\/pages\/7\/revisions"}],"predecessor-version":[{"id":232,"href":"https:\/\/www.apollo-hair-center.de\/diagnostic-point\/wp-json\/wp\/v2\/pages\/7\/revisions\/232"}],"wp:attachment":[{"href":"https:\/\/www.apollo-hair-center.de\/diagnostic-point\/wp-json\/wp\/v2\/media?parent=7"}],"curies":[{"name":"wp","href":"https:\/\/api.w.org\/{rel}","templated":true}]}}