{"id":6,"date":"2020-03-31T16:56:31","date_gmt":"2020-03-31T14:56:31","guid":{"rendered":"http:\/\/www.apollo-hair-center.de\/perueckenreinigungsservice\/?page_id=6"},"modified":"2020-08-11T09:35:47","modified_gmt":"2020-08-11T07:35:47","slug":"das-neue-museum-oeffnet-seine-tueren-2","status":"publish","type":"page","link":"https:\/\/www.apollo-hair-center.de\/perueckenreinigungsservice\/","title":{"rendered":"Reinigung und Pflege f\u00fcr Ihre Per\u00fccke, Haarteil und\/oder Toupet"},"content":{"rendered":"<div class=\"wp-block-group alignwide\"><div class=\"wp-block-group__inner-container is-layout-flow wp-block-group-is-layout-flow\"><p>M\u00f6chten Sie Ihr Haarteil oder Ihre Per\u00fccke reinigen und pflegen lassen, ohne einen Salon aufzusuchen? <\/p>\n\n<p>Wir sind f\u00fcr Sie da, wenn Sie Hilfe bei der Reinigung und Pflege Ihrer Per\u00fccke oder Ihres Haarteils ben\u00f6tigen!<\/p>\n\n<p><\/p><\/div><\/div><h4 class=\"wp-block-heading\">Und so einfach funktioniert&#8217;s<\/h4><div class=\"wp-block-columns alignwide is-layout-flex wp-container-core-columns-is-layout-1 wp-block-columns-is-layout-flex\"><div class=\"wp-block-column is-layout-flow wp-block-column-is-layout-flow\"><figure class=\"wp-block-image size-large\"><img loading=\"lazy\" decoding=\"async\" width=\"1024\" height=\"552\" src=\"https:\/\/www.apollo-hair-center.de\/perueckenreinigungsservice\/wp-content\/uploads\/2020\/04\/step-1-3-1024x552.jpg\" alt=\"\" class=\"wp-image-332\" srcset=\"https:\/\/www.apollo-hair-center.de\/perueckenreinigungsservice\/wp-content\/uploads\/2020\/04\/step-1-3-1024x552.jpg 1024w, https:\/\/www.apollo-hair-center.de\/perueckenreinigungsservice\/wp-content\/uploads\/2020\/04\/step-1-3-300x162.jpg 300w, https:\/\/www.apollo-hair-center.de\/perueckenreinigungsservice\/wp-content\/uploads\/2020\/04\/step-1-3-768x414.jpg 768w, https:\/\/www.apollo-hair-center.de\/perueckenreinigungsservice\/wp-content\/uploads\/2020\/04\/step-1-3-600x323.jpg 600w, https:\/\/www.apollo-hair-center.de\/perueckenreinigungsservice\/wp-content\/uploads\/2020\/04\/step-1-3.jpg 1160w\" sizes=\"(max-width: 1024px) 100vw, 1024px\" \/><\/figure>\n\n<p>Besuchen Sie unseren Shop und w\u00e4hlen den gew\u00fcnschten Service aus. Optional finden Sie auch hochwertige Pflege- und Befestigungsprodukte.<\/p>\n\n<div class=\"wp-block-buttons aligncenter is-layout-flex wp-block-buttons-is-layout-flex\"><div class=\"wp-block-button\"><a class=\"wp-block-button__link\" href=\"https:\/\/www.apollo-hair-center.de\/perueckenreinigungsservice\/shop\/\">SHOP besuchen<\/a><\/div><\/div>\n\n<div style=\"height:20px\" aria-hidden=\"true\" class=\"wp-block-spacer\"><\/div>\n\n<p>Alternativ k\u00f6nnen Sie auch unser <a href=\"https:\/\/www.apollo-hair-center.de\/perueckenreinigungsservice\/wp-content\/uploads\/2020\/04\/peruecken-reinigung-formular.pdf\" target=\"_blank\" rel=\"noreferrer noopener\">Bestellformular<\/a> herunterladen und ausf\u00fcllen.<\/p><\/div>\n\n<div class=\"wp-block-column is-layout-flow wp-block-column-is-layout-flow\"><figure class=\"wp-block-image size-large\"><img loading=\"lazy\" decoding=\"async\" width=\"1024\" height=\"552\" src=\"http:\/\/www.apollo-hair-center.de\/perueckenreinigungsservice\/wp-content\/uploads\/2020\/04\/step-2-2-1024x552.jpg\" alt=\"\" class=\"wp-image-75\" srcset=\"https:\/\/www.apollo-hair-center.de\/perueckenreinigungsservice\/wp-content\/uploads\/2020\/04\/step-2-2-1024x552.jpg 1024w, https:\/\/www.apollo-hair-center.de\/perueckenreinigungsservice\/wp-content\/uploads\/2020\/04\/step-2-2-600x323.jpg 600w, https:\/\/www.apollo-hair-center.de\/perueckenreinigungsservice\/wp-content\/uploads\/2020\/04\/step-2-2-300x162.jpg 300w, https:\/\/www.apollo-hair-center.de\/perueckenreinigungsservice\/wp-content\/uploads\/2020\/04\/step-2-2-768x414.jpg 768w, https:\/\/www.apollo-hair-center.de\/perueckenreinigungsservice\/wp-content\/uploads\/2020\/04\/step-2-2.jpg 1160w\" sizes=\"(max-width: 1024px) 100vw, 1024px\" \/><\/figure>\n\n<p>Senden Sie nun die Per\u00fccke oder das Toupet in einen Umschlag oder Karton ausreichend frankiert an:<br>APOLLO HAIR-CENTER<br>(Ihre Bestellnummer einf\u00fcgen)<br>Klattendiek 1<br>28359 Bremen<\/p><\/div><\/div><div class=\"wp-block-columns alignwide is-layout-flex wp-container-core-columns-is-layout-2 wp-block-columns-is-layout-flex\"><div class=\"wp-block-column is-layout-flow wp-block-column-is-layout-flow\"><figure class=\"wp-block-image size-large\"><img loading=\"lazy\" decoding=\"async\" width=\"1024\" height=\"552\" src=\"http:\/\/www.apollo-hair-center.de\/perueckenreinigungsservice\/wp-content\/uploads\/2020\/04\/step-3-1024x552.jpg\" alt=\"\" class=\"wp-image-76\" srcset=\"https:\/\/www.apollo-hair-center.de\/perueckenreinigungsservice\/wp-content\/uploads\/2020\/04\/step-3-1024x552.jpg 1024w, https:\/\/www.apollo-hair-center.de\/perueckenreinigungsservice\/wp-content\/uploads\/2020\/04\/step-3-600x323.jpg 600w, https:\/\/www.apollo-hair-center.de\/perueckenreinigungsservice\/wp-content\/uploads\/2020\/04\/step-3-300x162.jpg 300w, https:\/\/www.apollo-hair-center.de\/perueckenreinigungsservice\/wp-content\/uploads\/2020\/04\/step-3-768x414.jpg 768w, https:\/\/www.apollo-hair-center.de\/perueckenreinigungsservice\/wp-content\/uploads\/2020\/04\/step-3.jpg 1160w\" sizes=\"(max-width: 1024px) 100vw, 1024px\" \/><\/figure>\n\n<p>Wir begutachten Ihr Haarteil. Sollte unser Service aufwendiger als bereits berechnet sein, melden wir uns bei Ihnen. <\/p><\/div>\n\n<div class=\"wp-block-column is-layout-flow wp-block-column-is-layout-flow\"><figure class=\"wp-block-image size-large\"><img loading=\"lazy\" decoding=\"async\" width=\"1024\" height=\"552\" src=\"http:\/\/www.apollo-hair-center.de\/perueckenreinigungsservice\/wp-content\/uploads\/2020\/04\/step-4-1024x552.jpg\" alt=\"\" class=\"wp-image-81\" srcset=\"https:\/\/www.apollo-hair-center.de\/perueckenreinigungsservice\/wp-content\/uploads\/2020\/04\/step-4-1024x552.jpg 1024w, https:\/\/www.apollo-hair-center.de\/perueckenreinigungsservice\/wp-content\/uploads\/2020\/04\/step-4-600x323.jpg 600w, https:\/\/www.apollo-hair-center.de\/perueckenreinigungsservice\/wp-content\/uploads\/2020\/04\/step-4-300x162.jpg 300w, https:\/\/www.apollo-hair-center.de\/perueckenreinigungsservice\/wp-content\/uploads\/2020\/04\/step-4-768x414.jpg 768w, https:\/\/www.apollo-hair-center.de\/perueckenreinigungsservice\/wp-content\/uploads\/2020\/04\/step-4.jpg 1160w\" sizes=\"(max-width: 1024px) 100vw, 1024px\" \/><\/figure>\n\n<p>Sie erhalten Ihr Haarteil, Per\u00fccke oder Toupet frisch gereinigt und gestylt zusammen mit den bestellen Produkten (optional) per Postsendung zur\u00fcck.<br>Fertig :-).<\/p><\/div><\/div><p><\/p>","protected":false},"excerpt":{"rendered":"<p>M\u00f6chten Sie Ihr Haarteil oder Ihre Per\u00fccke reinigen und pflegen lassen, ohne einen Salon aufzusuchen? Wir sind f\u00fcr Sie da, wenn Sie Hilfe bei der Reinigung und Pflege Ihrer Per\u00fccke oder Ihres Haarteils ben\u00f6tigen! Und so einfach funktioniert&#8217;s Besuchen Sie unseren Shop und w\u00e4hlen den gew\u00fcnschten Service aus. Optional finden Sie auch hochwertige Pflege- und [&hellip;]<\/p>\n","protected":false},"author":1,"featured_media":34,"parent":0,"menu_order":0,"comment_status":"closed","ping_status":"closed","template":"templates\/template-cover.php","meta":{"footnotes":""},"class_list":["post-6","page","type-page","status-publish","has-post-thumbnail","hentry"],"_links":{"self":[{"href":"https:\/\/www.apollo-hair-center.de\/perueckenreinigungsservice\/wp-json\/wp\/v2\/pages\/6"}],"collection":[{"href":"https:\/\/www.apollo-hair-center.de\/perueckenreinigungsservice\/wp-json\/wp\/v2\/pages"}],"about":[{"href":"https:\/\/www.apollo-hair-center.de\/perueckenreinigungsservice\/wp-json\/wp\/v2\/types\/page"}],"author":[{"embeddable":true,"href":"https:\/\/www.apollo-hair-center.de\/perueckenreinigungsservice\/wp-json\/wp\/v2\/users\/1"}],"replies":[{"embeddable":true,"href":"https:\/\/www.apollo-hair-center.de\/perueckenreinigungsservice\/wp-json\/wp\/v2\/comments?post=6"}],"version-history":[{"count":49,"href":"https:\/\/www.apollo-hair-center.de\/perueckenreinigungsservice\/wp-json\/wp\/v2\/pages\/6\/revisions"}],"predecessor-version":[{"id":338,"href":"https:\/\/www.apollo-hair-center.de\/perueckenreinigungsservice\/wp-json\/wp\/v2\/pages\/6\/revisions\/338"}],"wp:featuredmedia":[{"embeddable":true,"href":"https:\/\/www.apollo-hair-center.de\/perueckenreinigungsservice\/wp-json\/wp\/v2\/media\/34"}],"wp:attachment":[{"href":"https:\/\/www.apollo-hair-center.de\/perueckenreinigungsservice\/wp-json\/wp\/v2\/media?parent=6"}],"curies":[{"name":"wp","href":"https:\/\/api.w.org\/{rel}","templated":true}]}}