{"id":189,"date":"2020-04-19T23:34:49","date_gmt":"2020-04-19T21:34:49","guid":{"rendered":"https:\/\/www.apollo-hair-center.de\/perueckenreinigungsservice\/?post_type=product&#038;p=189"},"modified":"2020-04-20T12:26:30","modified_gmt":"2020-04-20T10:26:30","slug":"pflegeset-fuer-synthetikhaar-belle-madame","status":"publish","type":"product","link":"https:\/\/www.apollo-hair-center.de\/perueckenreinigungsservice\/produkt\/pflegeset-fuer-synthetikhaar-belle-madame\/","title":{"rendered":"Pflegeset f\u00fcr Synthetikhaar \u2013 Belle Madame"},"content":{"rendered":"<p>Pflegeset f\u00fcr Synthetikhaar \u2013 Belle Madame<br \/>\n(Shapoo, Balsam, Hair Shine und B\u00fcrste)<\/p>\n","protected":false},"excerpt":{"rendered":"<p>Durch die regelm\u00e4\u00dfige Behandlung mit den hochwirksamen<br \/>\nBELLE MADAME Pflegeprodukten beh\u00e4lt die Zweitfrisur ihre Form, ihren seidigen Glanz und nat\u00fcrlichen Halt.<br \/>\nDie BELLE MADAME PFLEGE SETS beinhalten die Pflegeprodukte, die f\u00fcr die richtige Pflege der Zweitfrisur notwendig sind, einschlie\u00dflich einer BELLE MADAME B\u00dcRSTE<\/p>\n","protected":false},"featured_media":196,"template":"","meta":[],"product_cat":[23],"product_tag":[],"class_list":{"0":"post-189","1":"product","2":"type-product","3":"status-publish","4":"has-post-thumbnail","6":"product_cat-pflegemittel-fuer-synthetikhaar","8":"first","9":"instock","10":"taxable","11":"shipping-taxable","12":"purchasable","13":"product-type-simple"},"_links":{"self":[{"href":"https:\/\/www.apollo-hair-center.de\/perueckenreinigungsservice\/wp-json\/wp\/v2\/product\/189"}],"collection":[{"href":"https:\/\/www.apollo-hair-center.de\/perueckenreinigungsservice\/wp-json\/wp\/v2\/product"}],"about":[{"href":"https:\/\/www.apollo-hair-center.de\/perueckenreinigungsservice\/wp-json\/wp\/v2\/types\/product"}],"wp:featuredmedia":[{"embeddable":true,"href":"https:\/\/www.apollo-hair-center.de\/perueckenreinigungsservice\/wp-json\/wp\/v2\/media\/196"}],"wp:attachment":[{"href":"https:\/\/www.apollo-hair-center.de\/perueckenreinigungsservice\/wp-json\/wp\/v2\/media?parent=189"}],"wp:term":[{"taxonomy":"product_cat","embeddable":true,"href":"https:\/\/www.apollo-hair-center.de\/perueckenreinigungsservice\/wp-json\/wp\/v2\/product_cat?post=189"},{"taxonomy":"product_tag","embeddable":true,"href":"https:\/\/www.apollo-hair-center.de\/perueckenreinigungsservice\/wp-json\/wp\/v2\/product_tag?post=189"}],"curies":[{"name":"wp","href":"https:\/\/api.w.org\/{rel}","templated":true}]}}